[INFO] cloning repository https://github.com/Vaimer9/xpend
[INFO] running `Command { std: "git" "-c" "credential.helper=" "-c" "credential.helper=/workspace/cargo-home/bin/git-credential-null" "clone" "--bare" "https://github.com/Vaimer9/xpend" "/workspace/cache/git-repos/https%3A%2F%2Fgithub.com%2FVaimer9%2Fxpend", kill_on_drop: false }`
[INFO] [stderr] Cloning into bare repository '/workspace/cache/git-repos/https%3A%2F%2Fgithub.com%2FVaimer9%2Fxpend'...
[INFO] running `Command { std: "git" "rev-parse" "HEAD", kill_on_drop: false }`
[INFO] [stdout] f1569401d9c7cde6222466afd62957d8db31c934
[INFO] checking Vaimer9/xpend against master#e6e4f7ed1589e03bc2f6c5931c1a72e7947e8682 for beta-170-4
[INFO] running `Command { std: "git" "clone" "/workspace/cache/git-repos/https%3A%2F%2Fgithub.com%2FVaimer9%2Fxpend" "/workspace/builds/worker-5-tc2/source", kill_on_drop: false }`
[INFO] [stderr] Cloning into '/workspace/builds/worker-5-tc2/source'...
[INFO] [stderr] done.
[INFO] validating manifest of git repo https://github.com/Vaimer9/xpend on toolchain e6e4f7ed1589e03bc2f6c5931c1a72e7947e8682
[INFO] running `Command { std: CARGO_HOME="/workspace/cargo-home" RUSTUP_HOME="/workspace/rustup-home" "/workspace/cargo-home/bin/cargo" "+e6e4f7ed1589e03bc2f6c5931c1a72e7947e8682" "metadata" "--manifest-path" "Cargo.toml" "--no-deps", kill_on_drop: false }`
[INFO] started tweaking git repo https://github.com/Vaimer9/xpend
[INFO] finished tweaking git repo https://github.com/Vaimer9/xpend
[INFO] tweaked toml for git repo https://github.com/Vaimer9/xpend written to /workspace/builds/worker-5-tc2/source/Cargo.toml
[INFO] crate git repo https://github.com/Vaimer9/xpend already has a lockfile, it will not be regenerated
[INFO] running `Command { std: CARGO_HOME="/workspace/cargo-home" RUSTUP_HOME="/workspace/rustup-home" "/workspace/cargo-home/bin/cargo" "+e6e4f7ed1589e03bc2f6c5931c1a72e7947e8682" "fetch" "--manifest-path" "Cargo.toml", kill_on_drop: false }`
[INFO] running `Command { std: "docker" "create" "-v" "/var/lib/crater-agent-workspace/builds/worker-5-tc2/target:/opt/rustwide/target:rw,Z" "-v" "/var/lib/crater-agent-workspace/builds/worker-5-tc2/source:/opt/rustwide/workdir:ro,Z" "-v" "/var/lib/crater-agent-workspace/cargo-home:/opt/rustwide/cargo-home:ro,Z" "-v" "/var/lib/crater-agent-workspace/rustup-home:/opt/rustwide/rustup-home:ro,Z" "-e" "SOURCE_DIR=/opt/rustwide/workdir" "-e" "CARGO_TARGET_DIR=/opt/rustwide/target" "-e" "CARGO_HOME=/opt/rustwide/cargo-home" "-e" "RUSTUP_HOME=/opt/rustwide/rustup-home" "-w" "/opt/rustwide/workdir" "-m" "1610612736" "--user" "0:0" "--network" "none" "ghcr.io/rust-lang/crates-build-env/linux@sha256:5ff2268d62e97bff2cde7d5815dd6ed5b47097566f13b8d0ca110b04b60e07ed" "/opt/rustwide/cargo-home/bin/cargo" "+e6e4f7ed1589e03bc2f6c5931c1a72e7947e8682" "metadata" "--no-deps" "--format-version=1", kill_on_drop: false }`
[INFO] [stdout] 1b42dc505d76300774cdb9cb7613dbcf0efd1c8ab1010499768ffddeee5d39fc
[INFO] running `Command { std: "docker" "start" "-a" "1b42dc505d76300774cdb9cb7613dbcf0efd1c8ab1010499768ffddeee5d39fc", kill_on_drop: false }`
[INFO] running `Command { std: "docker" "inspect" "1b42dc505d76300774cdb9cb7613dbcf0efd1c8ab1010499768ffddeee5d39fc", kill_on_drop: false }`
[INFO] running `Command { std: "docker" "rm" "-f" "1b42dc505d76300774cdb9cb7613dbcf0efd1c8ab1010499768ffddeee5d39fc", kill_on_drop: false }`
[INFO] [stdout] 1b42dc505d76300774cdb9cb7613dbcf0efd1c8ab1010499768ffddeee5d39fc
[INFO] running `Command { std: "docker" "create" "-v" "/var/lib/crater-agent-workspace/builds/worker-5-tc2/target:/opt/rustwide/target:rw,Z" "-v" "/var/lib/crater-agent-workspace/builds/worker-5-tc2/source:/opt/rustwide/workdir:ro,Z" "-v" "/var/lib/crater-agent-workspace/cargo-home:/opt/rustwide/cargo-home:ro,Z" "-v" "/var/lib/crater-agent-workspace/rustup-home:/opt/rustwide/rustup-home:ro,Z" "-e" "SOURCE_DIR=/opt/rustwide/workdir" "-e" "CARGO_TARGET_DIR=/opt/rustwide/target" "-e" "CARGO_INCREMENTAL=0" "-e" "RUST_BACKTRACE=full" "-e" "RUSTFLAGS=--cap-lints=forbid" "-e" "RUSTDOCFLAGS=--cap-lints=forbid" "-e" "CARGO_HOME=/opt/rustwide/cargo-home" "-e" "RUSTUP_HOME=/opt/rustwide/rustup-home" "-w" "/opt/rustwide/workdir" "-m" "1610612736" "--user" "0:0" "--network" "none" "ghcr.io/rust-lang/crates-build-env/linux@sha256:5ff2268d62e97bff2cde7d5815dd6ed5b47097566f13b8d0ca110b04b60e07ed" "/opt/rustwide/cargo-home/bin/cargo" "+e6e4f7ed1589e03bc2f6c5931c1a72e7947e8682" "check" "--frozen" "--all" "--all-targets" "--message-format=json", kill_on_drop: false }`
[INFO] [stdout] 833b89be1473cde2612ff742625a11c95e9f289e5535d1be66231c094a0b1827
[INFO] running `Command { std: "docker" "start" "-a" "833b89be1473cde2612ff742625a11c95e9f289e5535d1be66231c094a0b1827", kill_on_drop: false }`
[INFO] [stderr]    Compiling libc v0.2.105
[INFO] [stderr]    Compiling proc-macro2 v1.0.32
[INFO] [stderr]    Compiling proc-macro-error-attr v1.0.4
[INFO] [stderr]    Compiling syn v1.0.81
[INFO] [stderr]    Compiling proc-macro-error v1.0.4
[INFO] [stderr]    Compiling serde v1.0.130
[INFO] [stderr]     Checking ppv-lite86 v0.2.15
[INFO] [stderr]    Compiling unicode-segmentation v1.8.0
[INFO] [stderr]     Checking textwrap v0.11.0
[INFO] [stderr]    Compiling serde_json v1.0.68
[INFO] [stderr]     Checking itoa v0.4.8
[INFO] [stderr]    Compiling heck v0.3.3
[INFO] [stderr]    Compiling quote v1.0.10
[INFO] [stderr]     Checking getrandom v0.2.3
[INFO] [stderr]     Checking atty v0.2.14
[INFO] [stderr]     Checking dirs-sys v0.3.6
[INFO] [stderr]     Checking clap v2.33.3
[INFO] [stderr]     Checking directories v4.0.1
[INFO] [stderr]     Checking rand_core v0.6.3
[INFO] [stderr]     Checking rand_chacha v0.3.1
[INFO] [stderr]     Checking rand v0.8.4
[INFO] [stderr]     Checking easy_reader v0.5.1
[INFO] [stderr]    Compiling structopt-derive v0.4.18
[INFO] [stderr]     Checking structopt v0.3.25
[INFO] [stderr]     Checking xpend v0.1.0 (/opt/rustwide/workdir)
[INFO] [stdout] error: expected `,`, or `}`, found `money`
[INFO] [stdout]  --> src/main.rs:8:15
[INFO] [stdout]   |
[INFO] [stdout] 8 |     init: bool
[INFO] [stdout]   |               ^ help: try adding a comma: `,`
[INFO] [stdout] 
[INFO] [stdout] 
[INFO] [stdout] error: expected `,`, or `}`, found `logs`
[INFO] [stdout]  --> src/main.rs:9:17
[INFO] [stdout]   |
[INFO] [stdout] 9 |     money: usize
[INFO] [stdout]   |                 ^ help: try adding a comma: `,`
[INFO] [stdout] 
[INFO] [stdout] 
[INFO] [stdout] error: expected `,`, or `}`, found `money`
[INFO] [stdout]  --> src/main.rs:8:15
[INFO] [stdout]   |
[INFO] [stdout] 8 |     init: bool
[INFO] [stdout]   |               ^ help: try adding a comma: `,`
[INFO] [stdout] 
[INFO] [stdout] 
[INFO] [stdout] error: expected `,`, or `}`, found `logs`
[INFO] [stdout]  --> src/main.rs:9:17
[INFO] [stdout]   |
[INFO] [stdout] 9 |     money: usize
[INFO] [stdout]   |                 ^ help: try adding a comma: `,`
[INFO] [stdout] 
[INFO] [stdout] 
[INFO] [stdout] error[E0425]: cannot find function `from_string` in crate `serde_json`
[INFO] [stdout]     --> src/init.rs:39:44
[INFO] [stdout]      |
[INFO] [stdout] 39   |       let read_value: Linejson = serde_json::from_string(read_file?)?;
[INFO] [stdout]      |                                              ^^^^^^^^^^^ help: a function with a similar name exists: `from_str`
[INFO] [stdout]      |
[INFO] [stdout]     ::: /opt/rustwide/cargo-home/registry/src/index.crates.io-6f17d22bba15001f/serde_json-1.0.68/src/de.rs:2585:1
[INFO] [stdout]      |
[INFO] [stdout] 2585 | / pub fn from_str<'a, T>(s: &'a str) -> Result<T>
[INFO] [stdout] 2586 | | where
[INFO] [stdout] 2587 | |     T: de::Deserialize<'a>,
[INFO] [stdout]      | |___________________________- similarly named function `from_str` defined here
[INFO] [stdout] 
[INFO] [stdout] 
[INFO] [stdout] error[E0425]: cannot find function `from_string` in crate `serde_json`
[INFO] [stdout]     --> src/init.rs:39:44
[INFO] [stdout]      |
[INFO] [stdout] 39   |       let read_value: Linejson = serde_json::from_string(read_file?)?;
[INFO] [stdout]      |                                              ^^^^^^^^^^^ help: a function with a similar name exists: `from_str`
[INFO] [stdout]      |
[INFO] [stdout]     ::: /opt/rustwide/cargo-home/registry/src/index.crates.io-6f17d22bba15001f/serde_json-1.0.68/src/de.rs:2585:1
[INFO] [stdout]      |
[INFO] [stdout] 2585 | / pub fn from_str<'a, T>(s: &'a str) -> Result<T>
[INFO] [stdout] 2586 | | where
[INFO] [stdout] 2587 | |     T: de::Deserialize<'a>,
[INFO] [stdout]      | |___________________________- similarly named function `from_str` defined here
[INFO] [stdout] 
[INFO] [stdout] 
[INFO] [stdout] error[E0433]: failed to resolve: use of undeclared crate or module `io`
[INFO] [stdout]   --> src/main.rs:22:44
[INFO] [stdout]    |
[INFO] [stdout] 22 |     fn create_logs(mut self) -> Result<(), io::Error> {
[INFO] [stdout]    |                                            ^^
[INFO] [stdout]    |                                            |
[INFO] [stdout]    |                                            use of undeclared crate or module `io`
[INFO] [stdout]    |                                            help: a builtin type with a similar name exists: `i8`
[INFO] [stdout] 
[INFO] [stdout] 
[INFO] [stdout] error[E0433]: failed to resolve: use of undeclared crate or module `io`
[INFO] [stdout]   --> src/main.rs:22:44
[INFO] [stdout]    |
[INFO] [stdout] 22 |     fn create_logs(mut self) -> Result<(), io::Error> {
[INFO] [stdout]    |                                            ^^
[INFO] [stdout]    |                                            |
[INFO] [stdout]    |                                            use of undeclared crate or module `io`
[INFO] [stdout]    |                                            help: a builtin type with a similar name exists: `i8`
[INFO] [stdout] 
[INFO] [stdout] 
[INFO] [stdout] error: aborting due to 4 previous errors
[INFO] [stdout] 
[INFO] [stdout] 
[INFO] [stdout] error: aborting due to 4 previous errors
[INFO] [stdout] 
[INFO] [stdout] 
[INFO] [stdout] Some errors have detailed explanations: E0425, E0433.
[INFO] [stdout] 
[INFO] [stdout] Some errors have detailed explanations: E0425, E0433.
[INFO] [stdout] 
[INFO] [stdout] For more information about an error, try `rustc --explain E0425`.
[INFO] [stdout] 
[INFO] [stdout] For more information about an error, try `rustc --explain E0425`.
[INFO] [stdout] 
[INFO] [stderr] error: could not compile `xpend` (bin "xpend" test) due to 5 previous errors
[INFO] [stderr] warning: build failed, waiting for other jobs to finish...
[INFO] [stderr] error: could not compile `xpend` (bin "xpend") due to 5 previous errors
[INFO] running `Command { std: "docker" "inspect" "833b89be1473cde2612ff742625a11c95e9f289e5535d1be66231c094a0b1827", kill_on_drop: false }`
[INFO] running `Command { std: "docker" "rm" "-f" "833b89be1473cde2612ff742625a11c95e9f289e5535d1be66231c094a0b1827", kill_on_drop: false }`
[INFO] [stdout] 833b89be1473cde2612ff742625a11c95e9f289e5535d1be66231c094a0b1827
